{"id":1928,"date":"2025-05-29T12:56:53","date_gmt":"2025-05-29T10:56:53","guid":{"rendered":"https:\/\/manufakturaumarty.pl\/?post_type=product&#038;p=1928"},"modified":"2025-08-23T14:32:39","modified_gmt":"2025-08-23T12:32:39","slug":"mini-flower-box-mis","status":"publish","type":"product","link":"https:\/\/manufakturaumarty.pl\/?product=mini-flower-box-mis","title":{"rendered":"Mini Flower Box -Mi\u015b"},"content":{"rendered":"<ul>\n<li>Mini flower box to 1 Mi\u015b<\/li>\n<li>Misia stopisz w kominku do wosk\u00f3w zapachowych<\/li>\n<li>Wymiary:\u00a011\u00d715 cm<\/li>\n<\/ul>\n<p style=\"font-weight: 400;\"><strong>Sk\u0142ad :<\/strong><\/p>\n<ul>\n<li>Najwy\u017cszej jako\u015bci wosk sojowy<\/li>\n<li>Olejki najwy\u017cszej jako\u015bci<\/li>\n<li>Suszone kwiaty<\/li>\n<li>Kraftowe ekologiczne i w pe\u0142ni biodegradowalne opakowanie<\/li>\n<li>Sizal<\/li>\n<li>Kokarda<\/li>\n<li>G\u0105bka florystyczna<\/li>\n<\/ul>\n<p style=\"font-weight: 400;\"><strong>Zapach \u015bwiecy:<\/strong><\/p>\n<ul>\n<li>\u015awie\u017co ci\u0119ta piwonia<\/li>\n<li>Czekolada<\/li>\n<li>Bergamotka i cedr<\/li>\n<li>Soczysta Pomara\u0144cza<\/li>\n<li>R\u00f3\u017ca<\/li>\n<li>Frezja<\/li>\n<\/ul>\n<p style=\"font-weight: 400;\">Czas realizacji 2- 5 dni roboczych<\/p>\n","protected":false},"excerpt":{"rendered":"<p>Mini flower box to 1 Mi\u015b Misia stopisz w kominku do wosk\u00f3w zapachowych Wymiary:\u00a011\u00d715 cm Sk\u0142ad : Najwy\u017cszej jako\u015bci wosk sojowy Olejki najwy\u017cszej jako\u015bci Suszone kwiaty Kraftowe ekologiczne i w pe\u0142ni biodegradowalne opakowanie Sizal Kokarda G\u0105bka florystyczna Zapach \u015bwiecy: \u015awie\u017co ci\u0119ta piwonia Czekolada Bergamotka i cedr Soczysta Pomara\u0144cza R\u00f3\u017ca Frezja Czas realizacji 2- 5 dni [&hellip;]<\/p>\n","protected":false},"featured_media":1933,"comment_status":"open","ping_status":"closed","template":"","meta":{"_et_pb_use_builder":"","_et_pb_old_content":"","_et_gb_content_width":"","_glsr_average":0,"_glsr_ranking":0,"_glsr_reviews":0},"product_brand":[],"product_cat":[198],"product_tag":[],"class_list":{"0":"post-1928","1":"product","2":"type-product","3":"status-publish","4":"has-post-thumbnail","6":"product_cat-flower-boxy","8":"first","9":"onbackorder","10":"taxable","11":"shipping-taxable","12":"purchasable","13":"product-type-variable","14":"has-default-attributes"},"yoast_head":"<!-- This site is optimized with the Yoast SEO plugin v25.8 - https:\/\/yoast.com\/wordpress\/plugins\/seo\/ -->\n<title>Mini Flower Box -Mi\u015b - manufakturaumarty<\/title>\n<meta name=\"robots\" content=\"index, follow, max-snippet:-1, max-image-preview:large, max-video-preview:-1\" \/>\n<link rel=\"canonical\" href=\"https:\/\/manufakturaumarty.pl\/?product=mini-flower-box-mis\" \/>\n<meta property=\"og:locale\" content=\"pl_PL\" \/>\n<meta property=\"og:type\" content=\"article\" \/>\n<meta property=\"og:title\" content=\"Mini Flower Box -Mi\u015b - manufakturaumarty\" \/>\n<meta property=\"og:description\" content=\"Mini flower box to 1 Mi\u015b Misia stopisz w kominku do wosk\u00f3w zapachowych Wymiary:\u00a011\u00d715 cm Sk\u0142ad : Najwy\u017cszej jako\u015bci wosk sojowy Olejki najwy\u017cszej jako\u015bci Suszone kwiaty Kraftowe ekologiczne i w pe\u0142ni biodegradowalne opakowanie Sizal Kokarda G\u0105bka florystyczna Zapach \u015bwiecy: \u015awie\u017co ci\u0119ta piwonia Czekolada Bergamotka i cedr Soczysta Pomara\u0144cza R\u00f3\u017ca Frezja Czas realizacji 2- 5 dni [&hellip;]\" \/>\n<meta property=\"og:url\" content=\"https:\/\/manufakturaumarty.pl\/?product=mini-flower-box-mis\" \/>\n<meta property=\"og:site_name\" content=\"manufakturaumarty\" \/>\n<meta property=\"article:modified_time\" content=\"2025-08-23T12:32:39+00:00\" \/>\n<meta property=\"og:image\" content=\"https:\/\/manufakturaumarty.pl\/wp-content\/uploads\/2025\/05\/manufakturaumarty_miniflowerbox_mis5-1.jpeg\" \/>\n\t<meta property=\"og:image:width\" content=\"1500\" \/>\n\t<meta property=\"og:image:height\" content=\"2000\" \/>\n\t<meta property=\"og:image:type\" content=\"image\/jpeg\" \/>\n<meta name=\"twitter:card\" content=\"summary_large_image\" \/>\n<meta name=\"twitter:label1\" content=\"Szacowany czas czytania\" \/>\n\t<meta name=\"twitter:data1\" content=\"1 minuta\" \/>\n<script type=\"application\/ld+json\" class=\"yoast-schema-graph\">{\"@context\":\"https:\/\/schema.org\",\"@graph\":[{\"@type\":\"WebPage\",\"@id\":\"https:\/\/manufakturaumarty.pl\/?product=mini-flower-box-mis\",\"url\":\"https:\/\/manufakturaumarty.pl\/?product=mini-flower-box-mis\",\"name\":\"Mini Flower Box -Mi\u015b - manufakturaumarty\",\"isPartOf\":{\"@id\":\"https:\/\/manufakturaumarty.pl\/#website\"},\"primaryImageOfPage\":{\"@id\":\"https:\/\/manufakturaumarty.pl\/?product=mini-flower-box-mis#primaryimage\"},\"image\":{\"@id\":\"https:\/\/manufakturaumarty.pl\/?product=mini-flower-box-mis#primaryimage\"},\"thumbnailUrl\":\"https:\/\/manufakturaumarty.pl\/wp-content\/uploads\/2025\/05\/manufakturaumarty_miniflowerbox_mis5-1.jpeg\",\"datePublished\":\"2025-05-29T10:56:53+00:00\",\"dateModified\":\"2025-08-23T12:32:39+00:00\",\"breadcrumb\":{\"@id\":\"https:\/\/manufakturaumarty.pl\/?product=mini-flower-box-mis#breadcrumb\"},\"inLanguage\":\"pl-PL\",\"potentialAction\":[{\"@type\":\"ReadAction\",\"target\":[\"https:\/\/manufakturaumarty.pl\/?product=mini-flower-box-mis\"]}]},{\"@type\":\"ImageObject\",\"inLanguage\":\"pl-PL\",\"@id\":\"https:\/\/manufakturaumarty.pl\/?product=mini-flower-box-mis#primaryimage\",\"url\":\"https:\/\/manufakturaumarty.pl\/wp-content\/uploads\/2025\/05\/manufakturaumarty_miniflowerbox_mis5-1.jpeg\",\"contentUrl\":\"https:\/\/manufakturaumarty.pl\/wp-content\/uploads\/2025\/05\/manufakturaumarty_miniflowerbox_mis5-1.jpeg\",\"width\":1500,\"height\":2000},{\"@type\":\"BreadcrumbList\",\"@id\":\"https:\/\/manufakturaumarty.pl\/?product=mini-flower-box-mis#breadcrumb\",\"itemListElement\":[{\"@type\":\"ListItem\",\"position\":1,\"name\":\"Strona g\u0142\u00f3wna\",\"item\":\"https:\/\/manufakturaumarty.pl\/\"},{\"@type\":\"ListItem\",\"position\":2,\"name\":\"Shop\",\"item\":\"https:\/\/manufakturaumarty.pl\/?page_id=6\"},{\"@type\":\"ListItem\",\"position\":3,\"name\":\"Mini Flower Box -Mi\u015b\"}]},{\"@type\":\"WebSite\",\"@id\":\"https:\/\/manufakturaumarty.pl\/#website\",\"url\":\"https:\/\/manufakturaumarty.pl\/\",\"name\":\"manufakturaumarty\",\"description\":\"Otul si\u0119 zapachem\",\"publisher\":{\"@id\":\"https:\/\/manufakturaumarty.pl\/#organization\"},\"potentialAction\":[{\"@type\":\"SearchAction\",\"target\":{\"@type\":\"EntryPoint\",\"urlTemplate\":\"https:\/\/manufakturaumarty.pl\/?s={search_term_string}\"},\"query-input\":{\"@type\":\"PropertyValueSpecification\",\"valueRequired\":true,\"valueName\":\"search_term_string\"}}],\"inLanguage\":\"pl-PL\"},{\"@type\":\"Organization\",\"@id\":\"https:\/\/manufakturaumarty.pl\/#organization\",\"name\":\"manufakturaumarty\",\"url\":\"https:\/\/manufakturaumarty.pl\/\",\"logo\":{\"@type\":\"ImageObject\",\"inLanguage\":\"pl-PL\",\"@id\":\"https:\/\/manufakturaumarty.pl\/#\/schema\/logo\/image\/\",\"url\":\"https:\/\/manufakturaumarty.pl\/wp-content\/uploads\/2025\/01\/logo-1.png\",\"contentUrl\":\"https:\/\/manufakturaumarty.pl\/wp-content\/uploads\/2025\/01\/logo-1.png\",\"width\":500,\"height\":500,\"caption\":\"manufakturaumarty\"},\"image\":{\"@id\":\"https:\/\/manufakturaumarty.pl\/#\/schema\/logo\/image\/\"}}]}<\/script>\n<!-- \/ Yoast SEO plugin. -->","yoast_head_json":{"title":"Mini Flower Box -Mi\u015b - manufakturaumarty","robots":{"index":"index","follow":"follow","max-snippet":"max-snippet:-1","max-image-preview":"max-image-preview:large","max-video-preview":"max-video-preview:-1"},"canonical":"https:\/\/manufakturaumarty.pl\/?product=mini-flower-box-mis","og_locale":"pl_PL","og_type":"article","og_title":"Mini Flower Box -Mi\u015b - manufakturaumarty","og_description":"Mini flower box to 1 Mi\u015b Misia stopisz w kominku do wosk\u00f3w zapachowych Wymiary:\u00a011\u00d715 cm Sk\u0142ad : Najwy\u017cszej jako\u015bci wosk sojowy Olejki najwy\u017cszej jako\u015bci Suszone kwiaty Kraftowe ekologiczne i w pe\u0142ni biodegradowalne opakowanie Sizal Kokarda G\u0105bka florystyczna Zapach \u015bwiecy: \u015awie\u017co ci\u0119ta piwonia Czekolada Bergamotka i cedr Soczysta Pomara\u0144cza R\u00f3\u017ca Frezja Czas realizacji 2- 5 dni [&hellip;]","og_url":"https:\/\/manufakturaumarty.pl\/?product=mini-flower-box-mis","og_site_name":"manufakturaumarty","article_modified_time":"2025-08-23T12:32:39+00:00","og_image":[{"width":1500,"height":2000,"url":"https:\/\/manufakturaumarty.pl\/wp-content\/uploads\/2025\/05\/manufakturaumarty_miniflowerbox_mis5-1.jpeg","type":"image\/jpeg"}],"twitter_card":"summary_large_image","twitter_misc":{"Szacowany czas czytania":"1 minuta"},"schema":{"@context":"https:\/\/schema.org","@graph":[{"@type":"WebPage","@id":"https:\/\/manufakturaumarty.pl\/?product=mini-flower-box-mis","url":"https:\/\/manufakturaumarty.pl\/?product=mini-flower-box-mis","name":"Mini Flower Box -Mi\u015b - manufakturaumarty","isPartOf":{"@id":"https:\/\/manufakturaumarty.pl\/#website"},"primaryImageOfPage":{"@id":"https:\/\/manufakturaumarty.pl\/?product=mini-flower-box-mis#primaryimage"},"image":{"@id":"https:\/\/manufakturaumarty.pl\/?product=mini-flower-box-mis#primaryimage"},"thumbnailUrl":"https:\/\/manufakturaumarty.pl\/wp-content\/uploads\/2025\/05\/manufakturaumarty_miniflowerbox_mis5-1.jpeg","datePublished":"2025-05-29T10:56:53+00:00","dateModified":"2025-08-23T12:32:39+00:00","breadcrumb":{"@id":"https:\/\/manufakturaumarty.pl\/?product=mini-flower-box-mis#breadcrumb"},"inLanguage":"pl-PL","potentialAction":[{"@type":"ReadAction","target":["https:\/\/manufakturaumarty.pl\/?product=mini-flower-box-mis"]}]},{"@type":"ImageObject","inLanguage":"pl-PL","@id":"https:\/\/manufakturaumarty.pl\/?product=mini-flower-box-mis#primaryimage","url":"https:\/\/manufakturaumarty.pl\/wp-content\/uploads\/2025\/05\/manufakturaumarty_miniflowerbox_mis5-1.jpeg","contentUrl":"https:\/\/manufakturaumarty.pl\/wp-content\/uploads\/2025\/05\/manufakturaumarty_miniflowerbox_mis5-1.jpeg","width":1500,"height":2000},{"@type":"BreadcrumbList","@id":"https:\/\/manufakturaumarty.pl\/?product=mini-flower-box-mis#breadcrumb","itemListElement":[{"@type":"ListItem","position":1,"name":"Strona g\u0142\u00f3wna","item":"https:\/\/manufakturaumarty.pl\/"},{"@type":"ListItem","position":2,"name":"Shop","item":"https:\/\/manufakturaumarty.pl\/?page_id=6"},{"@type":"ListItem","position":3,"name":"Mini Flower Box -Mi\u015b"}]},{"@type":"WebSite","@id":"https:\/\/manufakturaumarty.pl\/#website","url":"https:\/\/manufakturaumarty.pl\/","name":"manufakturaumarty","description":"Otul si\u0119 zapachem","publisher":{"@id":"https:\/\/manufakturaumarty.pl\/#organization"},"potentialAction":[{"@type":"SearchAction","target":{"@type":"EntryPoint","urlTemplate":"https:\/\/manufakturaumarty.pl\/?s={search_term_string}"},"query-input":{"@type":"PropertyValueSpecification","valueRequired":true,"valueName":"search_term_string"}}],"inLanguage":"pl-PL"},{"@type":"Organization","@id":"https:\/\/manufakturaumarty.pl\/#organization","name":"manufakturaumarty","url":"https:\/\/manufakturaumarty.pl\/","logo":{"@type":"ImageObject","inLanguage":"pl-PL","@id":"https:\/\/manufakturaumarty.pl\/#\/schema\/logo\/image\/","url":"https:\/\/manufakturaumarty.pl\/wp-content\/uploads\/2025\/01\/logo-1.png","contentUrl":"https:\/\/manufakturaumarty.pl\/wp-content\/uploads\/2025\/01\/logo-1.png","width":500,"height":500,"caption":"manufakturaumarty"},"image":{"@id":"https:\/\/manufakturaumarty.pl\/#\/schema\/logo\/image\/"}}]}},"jetpack_sharing_enabled":true,"_links":{"self":[{"href":"https:\/\/manufakturaumarty.pl\/index.php?rest_route=\/wp\/v2\/product\/1928","targetHints":{"allow":["GET"]}}],"collection":[{"href":"https:\/\/manufakturaumarty.pl\/index.php?rest_route=\/wp\/v2\/product"}],"about":[{"href":"https:\/\/manufakturaumarty.pl\/index.php?rest_route=\/wp\/v2\/types\/product"}],"replies":[{"embeddable":true,"href":"https:\/\/manufakturaumarty.pl\/index.php?rest_route=%2Fwp%2Fv2%2Fcomments&post=1928"}],"wp:featuredmedia":[{"embeddable":true,"href":"https:\/\/manufakturaumarty.pl\/index.php?rest_route=\/wp\/v2\/media\/1933"}],"wp:attachment":[{"href":"https:\/\/manufakturaumarty.pl\/index.php?rest_route=%2Fwp%2Fv2%2Fmedia&parent=1928"}],"wp:term":[{"taxonomy":"product_brand","embeddable":true,"href":"https:\/\/manufakturaumarty.pl\/index.php?rest_route=%2Fwp%2Fv2%2Fproduct_brand&post=1928"},{"taxonomy":"product_cat","embeddable":true,"href":"https:\/\/manufakturaumarty.pl\/index.php?rest_route=%2Fwp%2Fv2%2Fproduct_cat&post=1928"},{"taxonomy":"product_tag","embeddable":true,"href":"https:\/\/manufakturaumarty.pl\/index.php?rest_route=%2Fwp%2Fv2%2Fproduct_tag&post=1928"}],"curies":[{"name":"wp","href":"https:\/\/api.w.org\/{rel}","templated":true}]}}