{"id":2903,"date":"2025-08-26T21:38:11","date_gmt":"2025-08-26T19:38:11","guid":{"rendered":"https:\/\/manufakturaumarty.pl\/?post_type=product&#038;p=2903"},"modified":"2025-08-27T21:42:16","modified_gmt":"2025-08-27T19:42:16","slug":"bukiecik-z-suszonej-lawendy","status":"publish","type":"product","link":"https:\/\/manufakturaumarty.pl\/?product=bukiecik-z-suszonej-lawendy","title":{"rendered":"Bukiecik z suszonej lawendy"},"content":{"rendered":"<p>Pi\u0119kny, naturalny,\u00a0 bukiet lawendy w tekturowym kartoniku z kokard\u0105<\/p>\n<p>Kwiaty u\u0142o\u017cone w g\u0105bce florystycznej (do kwiat\u00f3w suszonych).<\/p>\n<p>Kwiaty lawendy, najciemniejszej odmiany Hidcote, pi\u0119knie wybarwione, najwy\u017cszej jako\u015bci, uprawiane ekologicznie w moim ogrodzie.<\/p>\n<p>Kartonik o wym.\u00a0 obw.16 cm wys.5 cm<\/p>\n<p>ok.<strong> 200 kwiat\u00f3w<\/strong> ciemnej lawendy Hidcote.<\/p>\n<p>Wysoko\u015b\u0107 cebrzyk + kwiaty \u2013 ok 14- 15 cm<\/p>\n<p>Pi\u0119kna, naturalna ozdoba do domu.<\/p>\n","protected":false},"excerpt":{"rendered":"<p>Pi\u0119kny, naturalny,\u00a0 bukiet lawendy w tekturowym kartoniku z kokard\u0105 Kwiaty u\u0142o\u017cone w g\u0105bce florystycznej (do kwiat\u00f3w suszonych). Kwiaty lawendy, najciemniejszej odmiany Hidcote, pi\u0119knie wybarwione, najwy\u017cszej jako\u015bci, uprawiane ekologicznie w moim ogrodzie. Kartonik o wym.\u00a0 obw.16 cm wys.5 cm ok. 200 kwiat\u00f3w ciemnej lawendy Hidcote. Wysoko\u015b\u0107 cebrzyk + kwiaty \u2013 ok 14- 15 cm Pi\u0119kna, naturalna [&hellip;]<\/p>\n","protected":false},"featured_media":2904,"comment_status":"closed","ping_status":"closed","template":"","meta":{"_et_pb_use_builder":"","_et_pb_old_content":"","_et_gb_content_width":"","_glsr_average":0,"_glsr_ranking":0,"_glsr_reviews":0},"product_brand":[],"product_cat":[216],"product_tag":[],"class_list":{"0":"post-2903","1":"product","2":"type-product","3":"status-publish","4":"has-post-thumbnail","6":"product_cat-bukiety-z-suszek","8":"first","9":"instock","10":"taxable","11":"shipping-taxable","12":"purchasable","13":"product-type-simple"},"yoast_head":"<!-- This site is optimized with the Yoast SEO plugin v25.8 - https:\/\/yoast.com\/wordpress\/plugins\/seo\/ -->\n<title>Bukiecik z suszonej lawendy - manufakturaumarty<\/title>\n<meta name=\"robots\" content=\"index, follow, max-snippet:-1, max-image-preview:large, max-video-preview:-1\" \/>\n<link rel=\"canonical\" href=\"https:\/\/manufakturaumarty.pl\/?product=bukiecik-z-suszonej-lawendy\" \/>\n<meta property=\"og:locale\" content=\"pl_PL\" \/>\n<meta property=\"og:type\" content=\"article\" \/>\n<meta property=\"og:title\" content=\"Bukiecik z suszonej lawendy - manufakturaumarty\" \/>\n<meta property=\"og:description\" content=\"Pi\u0119kny, naturalny,\u00a0 bukiet lawendy w tekturowym kartoniku z kokard\u0105 Kwiaty u\u0142o\u017cone w g\u0105bce florystycznej (do kwiat\u00f3w suszonych). Kwiaty lawendy, najciemniejszej odmiany Hidcote, pi\u0119knie wybarwione, najwy\u017cszej jako\u015bci, uprawiane ekologicznie w moim ogrodzie. Kartonik o wym.\u00a0 obw.16 cm wys.5 cm ok. 200 kwiat\u00f3w ciemnej lawendy Hidcote. Wysoko\u015b\u0107 cebrzyk + kwiaty \u2013 ok 14- 15 cm Pi\u0119kna, naturalna [&hellip;]\" \/>\n<meta property=\"og:url\" content=\"https:\/\/manufakturaumarty.pl\/?product=bukiecik-z-suszonej-lawendy\" \/>\n<meta property=\"og:site_name\" content=\"manufakturaumarty\" \/>\n<meta property=\"article:modified_time\" content=\"2025-08-27T19:42:16+00:00\" \/>\n<meta property=\"og:image\" content=\"https:\/\/manufakturaumarty.pl\/wp-content\/uploads\/2025\/08\/IMG_20250826_183941-scaled.jpg\" \/>\n\t<meta property=\"og:image:width\" content=\"2560\" \/>\n\t<meta property=\"og:image:height\" content=\"1920\" \/>\n\t<meta property=\"og:image:type\" content=\"image\/jpeg\" \/>\n<meta name=\"twitter:card\" content=\"summary_large_image\" \/>\n<meta name=\"twitter:label1\" content=\"Szacowany czas czytania\" \/>\n\t<meta name=\"twitter:data1\" content=\"1 minuta\" \/>\n<script type=\"application\/ld+json\" class=\"yoast-schema-graph\">{\"@context\":\"https:\/\/schema.org\",\"@graph\":[{\"@type\":\"WebPage\",\"@id\":\"https:\/\/manufakturaumarty.pl\/?product=bukiecik-z-suszonej-lawendy\",\"url\":\"https:\/\/manufakturaumarty.pl\/?product=bukiecik-z-suszonej-lawendy\",\"name\":\"Bukiecik z suszonej lawendy - manufakturaumarty\",\"isPartOf\":{\"@id\":\"https:\/\/manufakturaumarty.pl\/#website\"},\"primaryImageOfPage\":{\"@id\":\"https:\/\/manufakturaumarty.pl\/?product=bukiecik-z-suszonej-lawendy#primaryimage\"},\"image\":{\"@id\":\"https:\/\/manufakturaumarty.pl\/?product=bukiecik-z-suszonej-lawendy#primaryimage\"},\"thumbnailUrl\":\"https:\/\/manufakturaumarty.pl\/wp-content\/uploads\/2025\/08\/IMG_20250826_183941-scaled.jpg\",\"datePublished\":\"2025-08-26T19:38:11+00:00\",\"dateModified\":\"2025-08-27T19:42:16+00:00\",\"breadcrumb\":{\"@id\":\"https:\/\/manufakturaumarty.pl\/?product=bukiecik-z-suszonej-lawendy#breadcrumb\"},\"inLanguage\":\"pl-PL\",\"potentialAction\":[{\"@type\":\"ReadAction\",\"target\":[\"https:\/\/manufakturaumarty.pl\/?product=bukiecik-z-suszonej-lawendy\"]}]},{\"@type\":\"ImageObject\",\"inLanguage\":\"pl-PL\",\"@id\":\"https:\/\/manufakturaumarty.pl\/?product=bukiecik-z-suszonej-lawendy#primaryimage\",\"url\":\"https:\/\/manufakturaumarty.pl\/wp-content\/uploads\/2025\/08\/IMG_20250826_183941-scaled.jpg\",\"contentUrl\":\"https:\/\/manufakturaumarty.pl\/wp-content\/uploads\/2025\/08\/IMG_20250826_183941-scaled.jpg\",\"width\":2560,\"height\":1920},{\"@type\":\"BreadcrumbList\",\"@id\":\"https:\/\/manufakturaumarty.pl\/?product=bukiecik-z-suszonej-lawendy#breadcrumb\",\"itemListElement\":[{\"@type\":\"ListItem\",\"position\":1,\"name\":\"Strona g\u0142\u00f3wna\",\"item\":\"https:\/\/manufakturaumarty.pl\/\"},{\"@type\":\"ListItem\",\"position\":2,\"name\":\"Shop\",\"item\":\"https:\/\/manufakturaumarty.pl\/?page_id=6\"},{\"@type\":\"ListItem\",\"position\":3,\"name\":\"Bukiecik z suszonej lawendy\"}]},{\"@type\":\"WebSite\",\"@id\":\"https:\/\/manufakturaumarty.pl\/#website\",\"url\":\"https:\/\/manufakturaumarty.pl\/\",\"name\":\"manufakturaumarty\",\"description\":\"Otul si\u0119 zapachem\",\"publisher\":{\"@id\":\"https:\/\/manufakturaumarty.pl\/#organization\"},\"potentialAction\":[{\"@type\":\"SearchAction\",\"target\":{\"@type\":\"EntryPoint\",\"urlTemplate\":\"https:\/\/manufakturaumarty.pl\/?s={search_term_string}\"},\"query-input\":{\"@type\":\"PropertyValueSpecification\",\"valueRequired\":true,\"valueName\":\"search_term_string\"}}],\"inLanguage\":\"pl-PL\"},{\"@type\":\"Organization\",\"@id\":\"https:\/\/manufakturaumarty.pl\/#organization\",\"name\":\"manufakturaumarty\",\"url\":\"https:\/\/manufakturaumarty.pl\/\",\"logo\":{\"@type\":\"ImageObject\",\"inLanguage\":\"pl-PL\",\"@id\":\"https:\/\/manufakturaumarty.pl\/#\/schema\/logo\/image\/\",\"url\":\"https:\/\/manufakturaumarty.pl\/wp-content\/uploads\/2025\/01\/logo-1.png\",\"contentUrl\":\"https:\/\/manufakturaumarty.pl\/wp-content\/uploads\/2025\/01\/logo-1.png\",\"width\":500,\"height\":500,\"caption\":\"manufakturaumarty\"},\"image\":{\"@id\":\"https:\/\/manufakturaumarty.pl\/#\/schema\/logo\/image\/\"}}]}<\/script>\n<!-- \/ Yoast SEO plugin. -->","yoast_head_json":{"title":"Bukiecik z suszonej lawendy - manufakturaumarty","robots":{"index":"index","follow":"follow","max-snippet":"max-snippet:-1","max-image-preview":"max-image-preview:large","max-video-preview":"max-video-preview:-1"},"canonical":"https:\/\/manufakturaumarty.pl\/?product=bukiecik-z-suszonej-lawendy","og_locale":"pl_PL","og_type":"article","og_title":"Bukiecik z suszonej lawendy - manufakturaumarty","og_description":"Pi\u0119kny, naturalny,\u00a0 bukiet lawendy w tekturowym kartoniku z kokard\u0105 Kwiaty u\u0142o\u017cone w g\u0105bce florystycznej (do kwiat\u00f3w suszonych). Kwiaty lawendy, najciemniejszej odmiany Hidcote, pi\u0119knie wybarwione, najwy\u017cszej jako\u015bci, uprawiane ekologicznie w moim ogrodzie. Kartonik o wym.\u00a0 obw.16 cm wys.5 cm ok. 200 kwiat\u00f3w ciemnej lawendy Hidcote. Wysoko\u015b\u0107 cebrzyk + kwiaty \u2013 ok 14- 15 cm Pi\u0119kna, naturalna [&hellip;]","og_url":"https:\/\/manufakturaumarty.pl\/?product=bukiecik-z-suszonej-lawendy","og_site_name":"manufakturaumarty","article_modified_time":"2025-08-27T19:42:16+00:00","og_image":[{"width":2560,"height":1920,"url":"https:\/\/manufakturaumarty.pl\/wp-content\/uploads\/2025\/08\/IMG_20250826_183941-scaled.jpg","type":"image\/jpeg"}],"twitter_card":"summary_large_image","twitter_misc":{"Szacowany czas czytania":"1 minuta"},"schema":{"@context":"https:\/\/schema.org","@graph":[{"@type":"WebPage","@id":"https:\/\/manufakturaumarty.pl\/?product=bukiecik-z-suszonej-lawendy","url":"https:\/\/manufakturaumarty.pl\/?product=bukiecik-z-suszonej-lawendy","name":"Bukiecik z suszonej lawendy - manufakturaumarty","isPartOf":{"@id":"https:\/\/manufakturaumarty.pl\/#website"},"primaryImageOfPage":{"@id":"https:\/\/manufakturaumarty.pl\/?product=bukiecik-z-suszonej-lawendy#primaryimage"},"image":{"@id":"https:\/\/manufakturaumarty.pl\/?product=bukiecik-z-suszonej-lawendy#primaryimage"},"thumbnailUrl":"https:\/\/manufakturaumarty.pl\/wp-content\/uploads\/2025\/08\/IMG_20250826_183941-scaled.jpg","datePublished":"2025-08-26T19:38:11+00:00","dateModified":"2025-08-27T19:42:16+00:00","breadcrumb":{"@id":"https:\/\/manufakturaumarty.pl\/?product=bukiecik-z-suszonej-lawendy#breadcrumb"},"inLanguage":"pl-PL","potentialAction":[{"@type":"ReadAction","target":["https:\/\/manufakturaumarty.pl\/?product=bukiecik-z-suszonej-lawendy"]}]},{"@type":"ImageObject","inLanguage":"pl-PL","@id":"https:\/\/manufakturaumarty.pl\/?product=bukiecik-z-suszonej-lawendy#primaryimage","url":"https:\/\/manufakturaumarty.pl\/wp-content\/uploads\/2025\/08\/IMG_20250826_183941-scaled.jpg","contentUrl":"https:\/\/manufakturaumarty.pl\/wp-content\/uploads\/2025\/08\/IMG_20250826_183941-scaled.jpg","width":2560,"height":1920},{"@type":"BreadcrumbList","@id":"https:\/\/manufakturaumarty.pl\/?product=bukiecik-z-suszonej-lawendy#breadcrumb","itemListElement":[{"@type":"ListItem","position":1,"name":"Strona g\u0142\u00f3wna","item":"https:\/\/manufakturaumarty.pl\/"},{"@type":"ListItem","position":2,"name":"Shop","item":"https:\/\/manufakturaumarty.pl\/?page_id=6"},{"@type":"ListItem","position":3,"name":"Bukiecik z suszonej lawendy"}]},{"@type":"WebSite","@id":"https:\/\/manufakturaumarty.pl\/#website","url":"https:\/\/manufakturaumarty.pl\/","name":"manufakturaumarty","description":"Otul si\u0119 zapachem","publisher":{"@id":"https:\/\/manufakturaumarty.pl\/#organization"},"potentialAction":[{"@type":"SearchAction","target":{"@type":"EntryPoint","urlTemplate":"https:\/\/manufakturaumarty.pl\/?s={search_term_string}"},"query-input":{"@type":"PropertyValueSpecification","valueRequired":true,"valueName":"search_term_string"}}],"inLanguage":"pl-PL"},{"@type":"Organization","@id":"https:\/\/manufakturaumarty.pl\/#organization","name":"manufakturaumarty","url":"https:\/\/manufakturaumarty.pl\/","logo":{"@type":"ImageObject","inLanguage":"pl-PL","@id":"https:\/\/manufakturaumarty.pl\/#\/schema\/logo\/image\/","url":"https:\/\/manufakturaumarty.pl\/wp-content\/uploads\/2025\/01\/logo-1.png","contentUrl":"https:\/\/manufakturaumarty.pl\/wp-content\/uploads\/2025\/01\/logo-1.png","width":500,"height":500,"caption":"manufakturaumarty"},"image":{"@id":"https:\/\/manufakturaumarty.pl\/#\/schema\/logo\/image\/"}}]}},"jetpack_sharing_enabled":true,"_links":{"self":[{"href":"https:\/\/manufakturaumarty.pl\/index.php?rest_route=\/wp\/v2\/product\/2903","targetHints":{"allow":["GET"]}}],"collection":[{"href":"https:\/\/manufakturaumarty.pl\/index.php?rest_route=\/wp\/v2\/product"}],"about":[{"href":"https:\/\/manufakturaumarty.pl\/index.php?rest_route=\/wp\/v2\/types\/product"}],"replies":[{"embeddable":true,"href":"https:\/\/manufakturaumarty.pl\/index.php?rest_route=%2Fwp%2Fv2%2Fcomments&post=2903"}],"wp:featuredmedia":[{"embeddable":true,"href":"https:\/\/manufakturaumarty.pl\/index.php?rest_route=\/wp\/v2\/media\/2904"}],"wp:attachment":[{"href":"https:\/\/manufakturaumarty.pl\/index.php?rest_route=%2Fwp%2Fv2%2Fmedia&parent=2903"}],"wp:term":[{"taxonomy":"product_brand","embeddable":true,"href":"https:\/\/manufakturaumarty.pl\/index.php?rest_route=%2Fwp%2Fv2%2Fproduct_brand&post=2903"},{"taxonomy":"product_cat","embeddable":true,"href":"https:\/\/manufakturaumarty.pl\/index.php?rest_route=%2Fwp%2Fv2%2Fproduct_cat&post=2903"},{"taxonomy":"product_tag","embeddable":true,"href":"https:\/\/manufakturaumarty.pl\/index.php?rest_route=%2Fwp%2Fv2%2Fproduct_tag&post=2903"}],"curies":[{"name":"wp","href":"https:\/\/api.w.org\/{rel}","templated":true}]}}